What is the hundreds digit of 434?
4
What is the units digit of 2438?
8
What is the thousands digit of 14082?
4
What is the tens digit of 5613?
1
What is the hundreds digit of 7857?
8
What is the units digit of 309?
9
What is the hundreds digit of 20424?
4
What is the thousands digit of 20754?
0
What is the tens digit of 102?
0
What is the thousands digit of 27104?
7
What is the units digit of 2657?
7
What is the tens digit of 7296?
9
What is the thousands digit of 4502?
4
What is the hundreds digit of 81029?
0
What is the hundreds digit of 658?
6
What is the thousands digit of 14275?
4
What is the units digit of 125389?
9
What is the hundreds digit of 1661?
6
What is the tens digit of 29701?
0
What is the hundreds digit of 5671?
6
What is the hundreds digit of 3155?
1
What is the thousands digit of 24631?
4
What is the tens digit of 78037?
3
What is the units digit of 9152?
2
What is the thousands digit of 63159?
3
What is the ten thousands digit of 20881?
2
What is the units digit of 86390?
0
What is the ten thousands digit of 46590?
4
What is the tens digit of 12703?
0
What is the ten thousands digit of 57803?
5
What is the tens digit of 2515?
1
What is the tens digit of 14514?
1
What is the thousands digit of 9877?
9
What is the ten thousands digit of 31861?
3
What is the units digit of 1180?
0
What is the hundreds digit of 1298?
2
What is the units digit of 441?
1
What is the units digit of 264?
4
What is the units digit of 10560?
0
What is the thousands digit of 10871?
0
What is the thousands digit of 2365?
2
What is the thousands digit of 5940?
5
What is the tens digit of 72272?
7
What is the units digit of 2032?
2
What is the hundreds digit of 67187?
1
What is the hundreds digit of 20427?
4
What is the thousands digit of 9702?
9
What is the units digit of 8520?
0
What is the units digit of 39866?
6
What is the hundreds digit of 769?
7
What is the hundreds digit of 623?
6
What is the hundreds digit of 6892?
8
What is the tens digit of 1553?
5
What is the tens digit of 19377?
7
What is the hundreds digit of 12820?
8
What is the ten thousands digit of 27887?
2
What is the units digit of 8064?
4
What is the ten thousands digit of 22287?
2
What is the ten thousands digit of 26531?
2
What is the thousands digit of 147593?
7
What is the tens digit of 7386?
8
What is the units digit of 967?
7
What is the hundred thousands digit of 115004?
1
What is the tens digit of 293?
9
What is the thousands digit of 8512?
8
What is the units digit of 265?
5
What is the tens digit of 20815?
1
What is the hundreds digit of 8181?
1
What is the thousands digit of 9932?
9
What is the tens digit of 1184?
8
What is the units digit of 19974?
4
What is the units digit of 41936?
6
What is the thousands digit of 60793?
0
What is the tens digit of 11762?
6
What is the hundred thousands digit of 104679?
1
What is the units digit of 9861?
1
What is the thousands digit of 1028?
1
What is the units digit of 2700?
0
What is the units digit of 334?
4
What is the hundreds digit of 2881?
8
What is the tens digit of 1106?
0
What is the tens digit of 120001?
0
What is the tens digit of 15496?
9
What is the hundreds digit of 34177?
1
What is the thousands digit of 1022?
1
What is the thousands digit of 1064?
1
What is the tens digit of 23752?
5
What is the hundreds digit of 916?
9
What is the tens digit of 21362?
6
What is the hundreds digit of 793?
7
What is the units digit of 236?
6
What is the units digit of 28462?
2
What is the hundreds digit of 2244?
2
What is the thousands digit of 6747?
6
What is the ten thousands digit of 21456?
2
What is the tens digit of 25387?
8
What is the thousands digit of 2895?
2
What is the units digit of 38264?
4
What is the tens digit of 434?
3
What is the tens digit of 39361?
6
What is the units digit of 13781?
1
What is the thousands digit of 25670?
5
What is the hundreds digit of 26380?
3
What is the thousands digit of 2462?
2
What is the tens digit of 151088?
8
What is the thousands digit of 58792?
8
What is the tens digit of 22567?
6
What is the units digit of 3109?
9
What is the tens digit of 3247?
4
What is the units digit of 97047?
7
What is the ten thousands digit of 52578?
5
What is the thousands digit of 56538?
6
What is the hundreds digit of 102023?
0
What is the ten thousands digit of 13195?
1
What is the tens digit of 51169?
6
What is the units digit of 7233?
3
What is the hundreds digit of 37276?
2
What is the hundreds digit of 3660?
6
What is the hundreds digit of 508?
5
What is the tens digit of 8295?
9
What is the hundreds digit of 2576?
5
What is the hundreds digit of 283?
2
What is the ten thousands digit of 92024?
9
What is the hundreds digit of 16398?
3
What is the thousands digit of 40000?
0
What is the hundreds digit of 22213?
2
What is the thousands digit of 3582?
3
What is the hundreds digit of 32291?
2
What is the tens digit of 494?
9
What is the tens digit of 1868?
6
What is the thousands digit of 7843?
7
What is the hundreds digit of 2676?
6
What is the units digit of 6879?
9
What is the thousands digit of 1320?
1
What is the hundreds digit of 8235?
2
What is the hundreds digit of 556?
5
What is the ten thousands digit of 12509?
1
What is the units digit of 23419?
9
What is the hundreds digit of 175?
1
What is the thousands digit of 16654?
6
What is the thousands digit of 3805?
3
What is the tens digit of 17663?
6
What is the tens digit of 2405?
0
What is the thousands digit of 40761?
0
What is the hundreds digit of 1990?
9
What is the units digit of 1704?
4
What is the units digit of 78610?
0
What is the hundreds digit of 2740?
7
What is the thousands digit of 2274?
2
What is the tens digit of 4247?
4
What is the units digit of 4780?
0
What is the tens digit of 429?
2
What is the units digit of 772?
2
What is the thousands digit of 2381?
2
What is the hundreds digit of 1179?
1
What is the hundreds digit of 8448?
4
What is the thousands digit of 25387?
5
What is the hundreds digit of 16123?
1
What is the hundreds digit of 1005?
0
What is the ten thousands digit of 49898?
4
What is the hundreds digit of 3371?
3
What is the tens digit of 27962?
6
What is the units digit of 6211?
1
What is the ten thousands digit of 80338?
8
What is the units digit of 1883?
3
What is the tens digit of 135?
3
What is the units digit of 19322?
2
What is the units digit of 32645?
5
What is the tens digit of 2339?
3
What is the tens digit of 3122?
2
What is the hundreds digit of 2484?
4
What is the tens digit of 246?
4
What is the hundreds digit of 1017?
0
What is the tens digit of 223?
2
What is the thousands digit of 41976?
1
What is the units digit of 445?
5
What is the hundreds digit of 450?
4
What is the hundreds digit of 332?
3
What is the ten thousands digit of 52055?
5
What is the units digit of 2831?
1
What is the hundreds digit of 2287?
2
What is the units digit of 13328?
8
What is the units digit of 9164?
4
What is the thousands digit of 5886?
5
What is the units digit of 102514?
4
What is the hundreds digit of 22245?
2
What is the tens digit of 385?
8
What is the thousands digit of 2527?
2
What is the hundreds digit of 9221?
2
What is the tens digit of 2769?
6
What is the units digit of 1187?
7
What is the tens digit of 2307?
0
What is the thousands digit of 5129?
5
What is the thousands digit of 9364?
9
What is the hundreds digit of 26261?
2
What is the hundreds digit of 491?
4
What is the units digit of 2270?
0
What is the thousands digit of 1356?
1
What is the thousands digit of 4282?
4
What is the hundreds digit of 1272?
2
What is the tens digit of 18463?
6
What is the tens digit of 9188?
8
What is the hundreds digit of 6114?
1
What is the tens digit of 411?
1
What is the thousands digit of 1118?
1
What is the tens digit of 5601?
0
What is the thousands digit of 43454?
3
What is the hundreds digit of 8039?
0
What is the hundreds digit of 498?
4
What is the hundreds digit of 15765?
7
What is the hundreds digit of 15925?
9
What is the thousands digit of 7318?
7
What is the units digit of 743?
3
What is the thousands digit of 21616?
1
What is the units digit of 513?
3
What is the units digit of 34300?
0
What is the hundreds digit of 3406?
4
What is the hundreds digit of 66485?
4
What is the hundreds digit of 122578?
5
Wha